(8). Let w be -8*(1/u)/(-1). Calculate the greatest common factor of 4 and w.
4
Let t = 6 - 3. Suppose -30 = t*r - 5*r. What is the highest common divisor of r and 60?
15
Suppose 0 = -2*j - 4 + 50. What is the greatest common divisor of j and 23?
23
Let u be (-12)/(-16) - 226/(-8). Calculate the greatest common factor of 116 and u.
29
Let k(o) = o + 10. Let g be k(7). Calculate the highest common divisor of 68 and g.
17
Let r = 4 - 4. Let v = -1 - r. Let l be 3 + ((-5)/v - 0). Calculate the greatest common factor of 24 and l.
8
Suppose 3*t - 4*p - 67 = 0, 13 = -4*t - 5*p + 92. Suppose 3*c = 12 - 3. Calculate the highest common factor of t and c.
3
Suppose -2*m + 5*b + 25 = 0, -3*b - 14 = -m + 1. Suppose m = 4*j - 4 - 8. Calculate the highest common factor of 24 and j.
3
Suppose 42*o = 43*o - 120. Calculate the greatest common divisor of 30 and o.
30
Let z = -20 + 23. Suppose 0 = -0*h + z*h - 27. What is the greatest common divisor of h and 72?
9
Let t be (1 - (44 + 3)) + 2. Let b = t + 62. Suppose -3*x + 147 = 3*g, x - 6*x = -20. What is the greatest common divisor of g and b?
9
Suppose 4*d = 4 + 140. Suppose 2*c + c = 3*y - 60, 0 = -3*y + 2*c + 64. Calculate the highest common divisor of y and d.
12
Let y = 11 + 2. What is the highest common factor of 39 and y?
13
Let y(z) be the second derivative of z**5/20 - z**4/3 - 2*z**3/3 - z**2 + 4*z. Let c be y(5). Let d = 19 - -8. Calculate the highest common factor of d and c.
3
Let y be (4/(-2))/(-4)*48. Suppose 50*o - 11520 = -10*o. Calculate the greatest common factor of o and y.
24
Suppose 0 = v - 5*i - 3 - 2, -5*v + 2*i = -71. Let o be 42 - 2/((-4)/6). What is the greatest common divisor of v and o?
15
Let j = 16 + -14. Suppose j*r + 8 = 4*r. Calculate the highest common factor of r and 32.
4
Suppose 3*i - 2*i - 45 = 0. Suppose 0 = -s + 2 + 7. What is the highest common divisor of i and s?
9
Let y = -2 + 10. Calculate the greatest common divisor of y and 72.
8
Suppose v + 5*r - 47 = 0, 0 = -v - 4*r + r + 37. Suppose -68 = -5*m + v. Let y be -1*(-1)/(-3) - 210/(-90). Calculate the highest common divisor of y and m.
2
Let p = 14 + 25. Calculate the highest common factor of 26 and p.
13
Let r = -7 + 10. Let b be r*((-32)/(-6) + -3). What is the greatest common factor of 14 and b?
7
Suppose -6 = -3*z + 3. Let s be 2/z - 94/(-3). Calculate the greatest common divisor of 48 and s.
16
Suppose 4*c - 34 = 3*t + 8*c, 3*c = 6. Let n be (t/(-2))/((-2)/(-34)). What is the highest common divisor of n and 17?
17
Let t(k) be the second derivative of k**4/12 + 2*k**3/3 + 3*k**2/2 - 2*k. Let v be t(-3). Let h = v - -3. Calculate the greatest common factor of 24 and h.
3
Suppose 2 - 5 = 3*m. Let i(c) = -155*c + 14. Let z(f) = -52*f + 5. Let d(t) = 6*i(t) - 17*z(t). Let b be d(m). Calculate the greatest common factor of 30 and b.
15
Suppose 0*b = -5*b + 20. Suppose 5*s - 165 = -2*d, 0 = -s + 3*s + b*d - 66. Calculate the greatest common factor of 3 and s.
3
Let k(i) = -i**2 + i - 4. Let w be k(3). Let l = 14 + w. Suppose 2*z = l + 14. Calculate the highest common divisor of 6 and z.
3
Let a be -11*5/(5/(-2)). Suppose s = -4*y - 1, 49 = -s + 6*s + 2*y. Suppose h - a = s. What is the greatest common divisor of h and 22?
11
Let w = 1 + 1. Suppose 10 = 4*c - 10, 0 = -b + 3*c - 15. Suppose 3*n - n - 10 = b. Calculate the highest common divisor of w and n.
1
Let c(h) = 15*h - 6. Let a be c(5). What is the greatest common divisor of 23 and a?
23
Suppose 2*u - 4*u = -4. Let f be u/7 - (-2750)/77. What is the greatest common divisor of f and 9?
9
Let u(r) = 4*r + 2. Let f be u(4). Suppose -4*n = 4*q + 4, -5*n - 4*q + 25 = -9*q. Calculate the greatest common factor of f and n.
2
Suppose m + 4 + 1 = 0. Let n be (m - 1)/((-10)/185). Suppose 0 = t + 3*y - 9, 4*y + 10 = 5*t - n. Calculate the greatest common factor of 189 and t.
21
Let z = -31 - -66. Suppose 0*d = -5*d + z. Suppose -10*v + 354 + 136 = 0. Calculate the greatest common divisor of d and v.
7
Let t(n) = 4*n - 5. Let p be (-6)/(-9) + (-4)/(-3). Let r be 9/p + 2/(-4). Let d be t(r). What is the greatest common divisor of 55 and d?
11
Let a(h) = -6*h. Let j be a(-1). Let b be -18*(27/6 - -1). Let m = b + 141. Calculate the highest common divisor of m and j.
6
Let s(j) = j + 11. Let l be s(-13). Let r be 3 + l/(-3)*3. Calculate the highest common factor of r and 30.
5
Suppose 4*o - i - 6 = 0, -o - i - 4 = -4*o. Let m be (o - 5)/3 + 41. What is the highest common factor of m and 10?
10
Let x(o) = -o**3 - 9*o**2 + 2. Let a be x(-9). Suppose -z + a = z. Calculate the highest common factor of 11 and z.
1
Let t be ((-94)/(-6))/((-2)/(-6)). Suppose t = i - 25. Calculate the highest common factor of i and 8.
8
Let x = -27 + 54. Let p be (2 - 1) + 3 + 1. Suppose -4*o + 60 = -4*w - 16, 5*o = -p*w + 85. Calculate the greatest common divisor of o and x.
9
Suppose 4*r - 6 = -50. Let p be 1 + -2 - -2 - r. What is the greatest common divisor of p and 12?
12
Let q be 7 + 101 - 6/2. What is the highest common factor of q and 21?
21
Let x be (-22)/(-6)*24*1. Suppose -4*y = -y - 3. Suppose 0 = g - y - 10. Calculate the greatest common divisor of g and x.
11
Let g(j) = -j**2 + 9*j - 6. Let v be g(7). Let x(p) = -2*p + 18. Let w be x(-7). What is the highest common divisor of w and v?
8
Let y(z) = z**2 + 2*z - 3. Let f be ((-8)/(-2))/(1 - 2). Let i be y(f). Suppose -i*d = -d - 128. What is the highest common divisor of d and 16?
16
Suppose -q = -4*q + 6. Suppose -q*p + 9 - 1 = 0. Suppose -4*a = -g - 43, 24 = p*a + 4*g - 24. What is the greatest common divisor of 33 and a?
11
Let j(z) = 7*z**2 - 1. Let f be j(-1). Calculate the highest common divisor of f and 9.
3
Suppose -3*r - 4*v = 20, 0 = 4*r + 2*v + 2*v + 32. Let x be (3/2)/(r/(-16)). Suppose x*m - 5*m + 390 = 0. Calculate the greatest common factor of m and 13.
13
Suppose o = -5*u + 5, 4*o - 2*u = 29 + 13. Let k(z) = z**2 + 12*z + 17. Let a be k(-13). Let p = a - -40. What is the greatest common factor of o and p?
10
Let n = -2 + 35. What is the greatest common factor of 264 and n?
33
Suppose -2*l + 183 = s, 0 = 4*l - 0*s - 2*s - 354. Let o(m) = -m - 15. Let z be o(0). Let d = 25 + z. Calculate the greatest common factor of l and d.
10
Let g = -117 + 119. What is the highest common divisor of g and 10?
2
Let b = 373 - 260. Let i = -58 + b. Calculate the highest common divisor of 5 and i.
5
Let c = 16 + -4. Suppose 0 = -4*d + 9 - 73. Let f be d/10*45/(-6). Calculate the greatest common divisor of f and c.
12
Let m be (2/3)/((-10)/(-60)). Calculate the greatest common factor of 8 and m.
4
Let g be 2/(-4) + (-51)/(-2). Suppose g = a + 5*h, -a = -4*a + 4*h + 56. What is the highest common divisor of 20 and a?
20
Suppose 2*x + 3*f = 10, -3*x - 2*f = -5*x. Suppose 3*b - 4*c - 5 = 0, b - c = 3*c - 9. Suppose -90 = x*z - b*z. Calculate the highest common factor of z and 6.
6
Suppose 0*f + 4*f - 5*t - 85 = 0, -4*f + 3*t + 83 = 0. Let s be 2*-1 + (1 - -5). Suppose -50 = -s*l + 70. Calculate the highest common divisor of f and l.
10
Suppose 10 + 11 = 3*p. Let s(m) = m**3 - 7*m**2 + 10. Let j be s(p). What is the greatest common factor of j and 20?
10
Let y(v) = v**3 + 7*v**2 - 10*v - 4. Let j be y(-8). Let h = 6 - j. Let w be ((-45)/h)/((-1)/(-2)). What is the highest common divisor of w and 75?
15
Suppose -h + 12 = -0*h. Suppose -4*q + 2 + 11 = -3*w, w = 1. Calculate the greatest common divisor of h and q.
4
Let f = -19 - -35. Suppose r - 54 = f. Calculate the greatest common factor of r and 14.
14
Let n(q) = -q**3 - 4*q**2 + 5*q + 3. Let b be n(-5). Suppose y + b*y = 240. Let d = 57 - 33. Calculate the highest common divisor of y and d.
12
Let x(i) = -19*i - 5. Let p be x(-5). Suppose 0 = -2*r - u + 11 - 1, -5*u = -10. Suppose -72 = r*q - 8*q. What is the highest common factor of p and q?
18
Let h be (9/(-18))/((-1)/4). Suppose o + 0*b = 4*b + 11, o + h*b + 1 = 0. What is the greatest common divisor of o and 3?
3
Suppose -28*q + 12*q + 336 = 0. What is the greatest common divisor of q and 14?
7
Let b be (-27)/(-33) - 6/(-33). Let i = 15 + -4. What is the greatest common factor of b and i?
1
Let m be 3/((-6)/28)*-2. Let d = -17 + m. Suppose -10 = 6*w - 274. What is the highest common divisor of d and w?
11
Let n = -23 - -32. Let g(v) = -v